6?
False
Is 2904 a factor of 28041024?
True
Is 1228794496 a multiple of 1856?
True
Is 5 a factor of 11081575?
True
Is 119 a factor of 49528035?
False
Is 5450850430 a multiple of 79?
False
Is 165874348 a multiple of 908?
True
Does 2164 divide 46298780?
True
Is 308305800 a multiple of 552?
True
Is 57604906 a multiple of 892?
False
Is 527904864 a multiple of 2341?
True
Does 1156 divide 43343064?
True
Is 700208403 a multiple of 24?
False
Does 4731 divide 170528895?
True
Is 10 a factor of 153504010?
True
Is 8602 a factor of 3225741398?
True
Does 1396 divide 28809252?
True
Is 90252324 a multiple of 444?
True
Is 7 a factor of 27936370?
True
Is 4084410 a multiple of 6?
True
Is 29 a factor of 91992872?
True
Is 599992599 a multiple of 134?
False
Is 343081720 a multiple of 265?
True
Does 12 divide 211566813?
False
Is 12111113 a multiple of 2?
False
Is 161 a factor of 8678325?
False
Does 1899 divide 66831507?
True
Is 183 a factor of 14605962?
True
Does 1635 divide 442885530?
True
Is 83 a factor of 179447162?
True
Is 5 a factor of 172562428?
False
Is 2420756646 a multiple of 2598?
True
Does 23 divide 19596851?
True
Is 15 a factor of 511494?
False
Is 29042854 a multiple of 273?
False
Is 3007987195 a multiple of 755?
True
Does 262 divide 5297116?
True
Is 294759333 a multiple of 1006?
False
Is 1315 a factor of 856375340?
True
Is 4 a factor of 1906670?
False
Is 100 a factor of 185120100?
True
Is 18 a factor of 6871150?
False
Is 228963779 a multiple of 4721?
True
Is 48 a factor of 1416545520?
True
Is 32040643 a multiple of 522?
False
Is 9741725 a multiple of 12?
False
Does 3161 divide 6841366139?
False
Is 6 a factor of 912950268?
True
Is 17827965 a multiple of 9?
True
Is 4213573 a multiple of 9?
False
Is 10023860 even?
True
Does 4653 divide 968261382?
True
Is 1712 a factor of 11478856?
False
Is 269522676 a multiple of 14?
False
Is 109098434 a multiple of 31?
False
Is 161393347 a multiple of 737?
False
Is 48974800 a multiple of 1400?
True
Is 193735192 a multiple of 499?
False
Is 1103132513 a multiple of 78?
False
Is 66 a factor of 3202498?
False
Does 1060 divide 55826517?
False
Does 1710 divide 704456730?
True
Is 85201900 a multiple of 5900?
True
Is 177767302 a multiple of 21?
False
Is 697441989 a multiple of 223?
False
Is 30 a factor of 90614083?
False
Does 189 divide 7458471?
False
Is 54 a factor of 241566516?
True
Is 54 a factor of 9273619?
False
Is 352851699 a multiple of 336?
False
Is 3675661920 a multiple of 2016?
True
Is 305274243 a multiple of 129?
True
Is 1725442863 a multiple of 77?
False
Is 123 a factor of 13188798?
True
Is 5545 a factor of 2358798640?
True
Is 1145215414 a multiple of 50?
False
Is 8 a factor of 2307038?
False
Is 31890733 a multiple of 34?
False
Is 2025718863 a multiple of 65?
False
Is 92 a factor of 4582914?
False
Does 5309 divide 1110871087?
True
Is 189774071 a multiple of 19?
True
Is 11785696 a multiple of 164?
True
Is 1763121404 a multiple of 44?
True
Is 984 a factor of 740615472?
True
Does 786 divide 28822775?
False
Is 1640674173 a multiple of 138?
False
Does 198 divide 70648077?
False
Is 9808124 a multiple of 211?
True
Is 8376048 a multiple of 48?
True
Is 41 a factor of 9875488?
False
Is 13 a factor of 864283721?
False
Does 378 divide 756173949?
False
Is 671 a factor of 106296877?
False
Does 30 divide 461285973?
False
Does 815 divide 322793790?
True
Is 25 a factor of 81963950?
True
Is 77952718 a multiple of 4063?
True
Does 1318 divide 163206622?
True
Is 56 a factor of 172551042?
False
Does 1205 divide 26837216?
False
Does 11 divide 12511071?
False
Is 9014464 even?
True
Does 61 divide 397130043?
False
Is 2824481 a multiple of 27?
False
Is 17727564 a multiple of 120?
False
Is 1262594647 a multiple of 478?
False
Is 115 a factor of 114078516?
False
Is 4686 a factor of 3922403813?
False
Does 12 divide 5080817?
False
Is 2 a factor of 320629566?
True
Does 1812 divide 23835048?
True
Is 9 a factor of 34865046?
True
Is 276 a factor of 408113149?
False
Is 3 a factor of 7031871?
True
Is 64 a factor of 12957642?
False
Is 638 a factor of 61093604?
True
Is 2889103 a multiple of 51?
False
Is 1519423248 a multiple of 56?
True
Does 1803 divide 16956206?
False
Does 34 divide 386271552?
True
Does 647 divide 9956036?
True
Does 112 divide 16760226?
False
Is 24950524 a multiple of 37?
False
Is 633 a factor of 406620625?
False
Does 546 divide 789628132?
False
Does 5 divide 581100397?
False
Is 5226768 a multiple of 144?
True
Is 30957135 a multiple of 55?
True
Is 28160016 a multiple of 24?
True
Is 11 a factor of 380399184?
True
Does 82 divide 7592865?
False
Is 72824778 a multiple of 27?
True
Is 15 a factor of 321532320?
True
Is 3998230623 a multiple of 10881?
False
Is 115834880 a multiple of 640?
True
Is 141540585 a multiple of 70?
False
Is 56994273 a multiple of 27?
True
Is 10 a factor of 20490860?
True
Is 6314 a factor of 2277502324?
False
Is 176 a factor of 3919696?
True
Is 28 a factor of 12570544?
True
Is 658 a factor of 285588803?
False
Does 89 divide 2003623?
False
Does 10 divide 3414332690?
True
Is 30 a factor of 21685650?
True
Is 67053695 a multiple of 34?
False
Is 22930740 a multiple of 6?
True
Is 47786244 a multiple of 86?
True
Is 183 a factor of 192943500?
False
Does 12 divide 5651120683?
False
Is 6222620 a multiple of 20?
True
Is 3 a factor of 166004638?
False
Is 2157 a factor of 19287894?
True
Does 758 divide 18716428?
False
Is 547551273 a multiple of 868?
False
Is 371 a factor of 584461649?
False
Does 376 divide 272721448?
True
Does 3024 divide 89301744?
True
Is 15 a factor of 27351780?
True
Does 21 divide 6916321?
False
Does 1064 divide 15280104?
True
Does 593 divide 15913509?
False
Does 8 divide 165170408?
True
Is 71460501 a multiple of 1863?
False
Is 49472330 a multiple of 29?
False
Is 1025 a factor of 384517475?
True
Does 2 divide 26856995?
False
Is 125 a factor of 62549250?
True
Does 256 divide 78489344?
True
Does 8 divide 29986546?
False
Is 11 a factor of 269917384?
True
Is 61924308 a multiple of 166?
True
Does 390 divide 54569970?
True
Is 12 a factor of 19764976?
False
Is 288 a factor of 530145216?
True
Is 75 a factor of 2458027?
False
Is 274116933 a multiple of 9?
True
Is 4214766 a multiple of 11?
False
Is 33 a factor of 44444555?
False
Is 33168672 a multiple of 24?
True
Is 2172 a factor of 62474599?
False
Is 225889416 a multiple of 1284?
False
Is 43440137 a multiple of 176?
False
Does 48 divide 63904000?
False
Does 9 divide 24107073?
False
Is 259000248 a multiple of 228?
True
Does 165 divide 32157547?
False
Is 93230720 a multiple of 1558?
True
Is 67612402 a multiple of 13?
True
Does 3349 divide 54836526?
True
Is 139 a factor of 44734509?
True
Is 493439698 a multiple of 284?
False
Is 98978779 a multiple of 65?
False
Does 225 divide 34745625?
True
Does 42 divide 224935350?
False
Is 1941401399 a multiple of 17?
False
Does 109 divide 704467?
True
Does 7 divide 4634420?
True
Is 32 a factor of 1459712077?
False
Is 318117996 a multiple of 1974?
True
Is 4413 a factor of 715056042?
True
Is 997104 a multiple of 11?
False
Is 2 a factor of 5637947?
False
Is 29 a factor of 140445073?
False
Is 38779072 a multiple of 64?
True
Does 1705 divide 74699460?
True
Does 60 divide 38974740?
True
Does 653 divide 54368981?
False
Is 300743530 a multiple of 976?
False
Is 57751785 a multiple of 405?
True
Is 14 a factor of 54718636?
True
Does 50 divide 42723400?
True
Is 8622048 a multiple of 24?
True
Is 10 a factor of 3463540?
True
Does 18 divide 211920462?
True
Does 422 divide 292053?
False
Is 14222148 a multiple of 27?
False
Does 7011 divide 98546616?
True
Is 29048750 a multiple of 125?
True
Does 303 divide 10288446?
False
Is 107435391 a multiple of 271?
False
Is 704 a factor of 30291712?
True
Does 119 divide 32460344?
True
Is 2112491808 a multiple of 1113?
True
Is 62121859 a multiple of 20?
False
Is 1320 a factor of 20515440?
True
Is 2275078455 a multiple of 117?
True
Does 3256 divide 179654204?
False
Is 300711300 a multiple of 150?
True
Does 6480 divide 643178880?
True
Does 260 divide 106525039?
False
Does 2157 divide 90481232?
False
Is 269 a factor of 7434891?
True
Is 8308722 even?
True
Is 30889801 a multiple of 14?
False
Is 108 a factor of 16943703?
False
Is 337049780 a multiple of 142?
True
Does 9 divide 52095144?
False
Does 2 divide 40003877?
False
